 23607?
True
Is 2121 a multiple of 2?
False
Is 2646 a multiple of 21?
True
Is 2 a factor of 112?
True
Is 2 a factor of 107?
False
Does 175 divide 10982?
False
Is 5219 even?
False
Is 62 a factor of 1730?
False
Is 62 a factor of 13280?
False
Is 30 a factor of 39330?
True
Is 1046 a multiple of 28?
False
Is 16856 a multiple of 7?
True
Does 34 divide 5270?
True
Is 7 a factor of 865?
False
Does 82 divide 103074?
True
Does 10 divide 16459?
False
Does 11 divide 73056?
False
Is 7 a factor of 81?
False
Is 41224 a multiple of 31?
False
Is 4272 a multiple of 12?
True
Is 52 a factor of 728?
True
Does 14 divide 3360?
True
Does 29 divide 543?
False
Does 3 divide 33?
True
Is 1200 a multiple of 20?
True
Is 1425 a multiple of 25?
True
Is 21 a factor of 5282?
False
Is 30 a factor of 23790?
True
Does 8 divide 6394?
False
Is 160 a multiple of 40?
True
Is 3 a factor of 665?
False
Does 31 divide 744?
True
Is 6 a factor of 3344?
False
Is 4478 a multiple of 248?
False
Is 270 a multiple of 30?
True
Is 275 a factor of 40150?
True
Is 20 a factor of 700?
True
Does 52 divide 2236?
True
Is 9 a factor of 729?
True
Is 19 a factor of 14668?
True
Does 12 divide 432?
True
Does 127 divide 19685?
True
Is 89 a factor of 445?
True
Is 6 a factor of 1389?
False
Is 360 a multiple of 9?
True
Is 11 a factor of 12397?
True
Is 12 a factor of 588?
True
Is 1476 a multiple of 50?
False
Is 7600 a multiple of 15?
False
Is 37 a factor of 2654?
False
Is 59034 a multiple of 433?
False
Does 33 divide 3300?
True
Does 23 divide 117093?
True
Is 7 a factor of 7?
True
Does 13 divide 12310?
False
Is 55 a factor of 1155?
True
Does 105 divide 45226?
False
Is 124 a factor of 8429?
False
Is 5 a factor of 468?
False
Is 7 a factor of 22?
False
Does 68 divide 1020?
True
Is 12 a factor of 273?
False
Is 21855 a multiple of 47?
True
Is 3 a factor of 483?
True
Is 5 a factor of 4920?
True
Is 22974 a multiple of 14?
True
Does 27 divide 1122?
False
Does 22 divide 623?
False
Does 41 divide 61049?
True
Does 58 divide 279?
False
Is 8 a factor of 4216?
True
Is 62 a factor of 2823?
False
Does 13 divide 337?
False
Is 54832 a multiple of 92?
True
Does 37 divide 4329?
True
Is 2 a factor of 200?
True
Is 448 a multiple of 69?
False
Is 57 a factor of 3135?
True
Does 117 divide 18603?
True
Is 19 a factor of 13055?
False
Is 39 a factor of 4836?
True
Is 150 a multiple of 6?
True
Is 40 a factor of 8310?
False
Does 155 divide 125240?
True
Is 1326 a multiple of 10?
False
Is 28 a factor of 78988?
True
Is 21 a factor of 735?
True
Is 8542 a multiple of 11?
False
Is 576 a multiple of 64?
True
Is 3043 a multiple of 71?
False
Is 121 a factor of 10406?
True
Does 26 divide 593?
False
Is 18 a factor of 76?
False
Is 6348 a multiple of 138?
True
Is 928 a multiple of 16?
True
Is 53962 a multiple of 99?
False
Does 8 divide 27646?
False
Is 43 a factor of 903?
True
Does 66 divide 9837?
False
Is 202 a factor of 24791?
False
Is 28899 a multiple of 57?
True
Does 11 divide 2187?
False
Is 2387 a multiple of 6?
False
Is 15 a factor of 4832?
False
Does 37 divide 46463?
False
Is 1984 a multiple of 64?
True
Is 1670 a multiple of 10?
True
Is 18 a factor of 2772?
True
Is 32 a factor of 613?
False
Is 4 a factor of 716?
True
Is 44346 a multiple of 19?
True
Does 38 divide 5434?
True
Is 19 a factor of 877?
False
Is 2213 a multiple of 13?
False
Does 64 divide 3904?
True
Does 7 divide 3283?
True
Is 2 a factor of 29?
False
Is 30012 a multiple of 61?
True
Is 4002 a multiple of 54?
False
Is 38 a factor of 1624?
False
Does 24 divide 1416?
True
Is 785 a multiple of 85?
False
Is 374 a multiple of 22?
True
Is 1510 a multiple of 34?
False
Is 6184 a multiple of 29?
False
Is 71 a factor of 13845?
True
Is 11 a factor of 2218?
False
Does 18 divide 43880?
False
Is 12 a factor of 635?
False
Does 34 divide 2757?
False
Is 1509 a multiple of 55?
False
Is 155 a multiple of 21?
False
Is 18 a factor of 990?
True
Does 5 divide 1006?
False
Is 15782 a multiple of 112?
False
Is 108724 a multiple of 11?
True
Does 54 divide 24408?
True
Does 19 divide 1215?
False
Does 27 divide 18711?
True
Does 11 divide 423?
False
Is 45 a factor of 495?
True
Does 268 divide 14204?
True
Is 120 a factor of 5880?
True
Is 74 a factor of 16132?
True
Is 1390 a multiple of 42?
False
Is 34 a factor of 8228?
True
Is 50 a factor of 1050?
True
Is 14 a factor of 9254?
True
Is 37107 a multiple of 197?
False
Does 26 divide 853?
False
Is 45 a factor of 63810?
True
Is 483 a multiple of 21?
True
Is 16890 a multiple of 6?
True
Does 6 divide 6996?
True
Does 17 divide 4284?
True
Does 45 divide 83764?
False
Is 8 a factor of 7121?
False
Does 20 divide 499?
False
Is 32 a factor of 15521?
False
Does 18 divide 54?
True
Is 15 a factor of 119?
False
Is 57 a factor of 531?
False
Is 984 a multiple of 3?
True
Is 45 a factor of 900?
True
Is 52 a factor of 3796?
True
Is 13 a factor of 221?
True
Is 4927 a multiple of 22?
False
Is 14 a factor of 700?
True
Does 4 divide 29?
False
Is 4880 a multiple of 40?
True
Is 3207 a multiple of 32?
False
Is 68 a factor of 1378?
False
Is 65 a factor of 4126?
False
Is 113 a factor of 29041?
True
Is 9265 a multiple of 255?
False
Is 73 a factor of 34256?
False
Is 54 a factor of 1242?
True
Does 8 divide 20696?
True
Is 2120 a multiple of 9?
False
Is 20637 a multiple of 69?
False
Is 63 a factor of 4599?
True
Is 47 a factor of 2845?
False
Is 16714 a multiple of 122?
True
Does 13 divide 1605?
False
Is 44436 a multiple of 46?
True
Does 3 divide 329?
False
Is 7 a factor of 26336?
False
Is 286 a factor of 166166?
True
Is 39116 a multiple of 127?
True
Does 44 divide 2244?
True
Is 2438 a multiple of 46?
True
Is 8 a factor of 7632?
True
Does 6 divide 2294?
False
Is 3239 a multiple of 41?
True
Is 18 a factor of 527?
False
Does 11 divide 363?
True
Is 1736 a multiple of 27?
False
Is 26 a factor of 33094?
False
Is 10 a factor of 35726?
False
Does 31 divide 806?
True
Does 5 divide 858?
False
Does 9 divide 4887?
True
Is 20 a factor of 1929?
False
Does 9 divide 296?
False
Is 2600 a multiple of 4?
True
Is 21 a factor of 27753?
False
Is 2120 a multiple of 106?
True
Is 79939 a multiple of 64?
False
Is 1476 a multiple of 18?
True
Is 38 a factor of 2783?
False
Does 29 divide 737?
False
Is 126 even?
True
Is 77 a factor of 1463?
True
Is 9400 a multiple of 10?
True
Is 140 a factor of 9100?
True
Does 14 divide 3584?
True
Does 16 divide 130?
False
Is 97524 a multiple of 36?
True
Is 7 a factor of 406?
True
Does 59 divide 1467?
False
Is 14 a factor of 28?
True
Is 30 a factor of 17158?
False
Is 377 a factor of 27898?
True
Does 8 divide 352?
True
Is 5 a factor of 89?
False
Does 84 divide 15540?
True
Does 15 divide 4377?
False
Does 66 divide 2310?
True
Does 90 divide 58818?
False
Is 36 a factor of 62?
False
Is 15 even?
False
Is 33 a factor of 7623?
True
Is 233 a factor of 8388?
True
Does 33 divide 4950?
True
Is 13 a factor of 494?
True
Is 1520 a multiple of 95?
True
Does 2 divide 4?
True
Is 57022 a multiple of 216?
False
Is 9 a factor of 2124?
True
Is 4984 a multiple of 14?
True
Is 5112 a multiple of 12?
True
Is 1618 a multiple of 8?
False
Is 13720 a multiple of 108?
False
Is 45542 a multiple of 100?
False
Is 1137 a multiple of 11?
False
Is 56 a factor of 41720?
True
Does 11 divide 2585?
True
Is 195 a multiple of 11?
False
Is 7 a factor of 1927?
False
Is 74 a factor of 4366?
True
Is 21 a factor of 1621?
False
Does 4 divide 1481?
False
Is 32 a factor of 138766?
False
Does 136 divide 7375?
False
Does 43 divide 2365?
True
Does 38 divide 532?
True
Is 30 a factor of 7752?
False
Is 11 a factor of 48334?
True
Is 21 a factor of 3477?
False
Is 42 a factor of 34690?
False
Does 18 divide 498?
False
Is 14 a factor of 2450?
True
Is 694 a multiple of 9?
False
Does 3 divide 534?
True
Is 1096 a multiple of 8?
True
Is 1674 a multiple of 13?
False
Does 43 divide 9763?
False
Is 91 a factor of 1001?
True
Is 208 a factor of 51320?
False
Is 16 a factor of 80?
True
Is 6345 a multiple of 11?
False
Is 82 a factor of 9266?
True
Is 1571 a multiple of 5?
False
Is 36 a factor of 22716?
True
Does 76 divide 17290?
False
Does 55 divide 19415?
True
Does 164 divide 10168?
True
Is 5 a factor of 765?
True
Is 44 a factor of 748?
True
Is 3664 a multiple of 65?
False
Is 24 a factor of 1022?
False
Does 23 divide 594?
False
Is 10 a factor of 6554?
False
Is 872 a multiple of 8?